
8
What is the units digit of 3261364577?
7
What is the thousands digit of 2058176069?
6
What is the units digit of 620232697?
7
What is the thousands digit of 64523376?
3
What is the hundred thousands digit of 1183904005?
9
What is the ten millions digit of 91762145?
9
What is the hundreds digit of 7250250?
2
What is the ten millions digit of 119765085?
1
What is the millions digit of 424044748?
4
What is the thousands digit of 24718840?
8
What is the millions digit of 175364966?
5
What is the thousands digit of 52164812?
4
What is the ten millions digit of 1195981751?
9
What is the hundred millions digit of 486242323?
4
What is the units digit of 6350805780?
0
What is the hundreds digit of 541560192?
1
What is the units digit of 160709252?
2
What is the thousands digit of 38499400?
9
What is the hundreds digit of 46910349?
3
What is the millions digit of 766537568?
6
What is the hundred millions digit of 164673800?
1
What is the thousands digit of 1037884?
7
What is the hundred millions digit of 495423489?
4
What is the units digit of 277386867?
7
What is the thousands digit of 342442472?
2
What is the ten thousands digit of 30779214?
7
What is the ten millions digit of 219546097?
1
What is the hundred thousands digit of 1185508659?
5
What is the millions digit of 228047869?
8
What is the millions digit of 122015274?
2
What is the tens digit of 6661427635?
3
What is the thousands digit of 264820206?
0
What is the ten thousands digit of 68904680?
0
What is the millions digit of 136300860?
6
What is the tens digit of 318751591?
9
What is the ten thousands digit of 683466995?
6
What is the millions digit of 12821714?
2
What is the thousands digit of 49539434?
9
What is the millions digit of 8694924?
8
What is the hundreds digit of 425845255?
2
What is the hundred thousands digit of 87060965?
0
What is the units digit of 14706394?
4
What is the hundred millions digit of 541043611?
5
What is the hundred thousands digit of 841275458?
2
What is the ten millions digit of 12420374?
1
What is the ten thousands digit of 553480791?
8
What is the ten thousands digit of 1866751?
6
What is the millions digit of 2216713?
2
What is the ten millions digit of 3493800161?
9
What is the ten thousands digit of 2359220?
5
What is the thousands digit of 390650939?
0
What is the tens digit of 47691776?
7
What is the ten thousands digit of 153758999?
5
What is the hundred millions digit of 118993039?
1
What is the ten thousands digit of 1200090244?
9
What is the hundreds digit of 756335177?
1
What is the tens digit of 89900468?
6
What is the thousands digit of 4026810827?
0
What is the ten millions digit of 512200936?
1
What is the tens digit of 37827831?
3
What is the units digit of 45617809?
9
What is the millions digit of 358243445?
8
What is the ten millions digit of 67359768?
6
What is the ten thousands digit of 56922078?
2
What is the millions digit of 25371966?
5
What is the ten thousands digit of 2682743760?
4
What is the hundreds digit of 618129675?
6
What is the hundred thousands digit of 339015192?
0
What is the millions digit of 5236205505?
6
What is the ten thousands digit of 139786209?
8
What is the millions digit of 357103647?
7
What is the ten millions digit of 86030852?
8
What is the ten millions digit of 183947418?
8
What is the hundred millions digit of 4898247930?
8
What is the millions digit of 961758787?
1
What is the units digit of 72198841?
1
What is the tens digit of 57674103?
0
What is the hundreds digit of 110506625?
6
What is the hundred thousands digit of 30723012?
7
What is the ten millions digit of 346582754?
4
What is the thousands digit of 2393439594?
9
What is the tens digit of 417434355?
5
What is the tens digit of 66699068?
6
What is the thousands digit of 401982137?
2
What is the tens digit of 136975147?
4
What is the tens digit of 2166905142?
4
What is the tens digit of 75960128?
2
What is the hundred thousands digit of 103036902?
0
What is the hundreds digit of 129115262?
2
What is the millions digit of 463426458?
3
What is the units digit of 367936024?
4
What is the hundreds digit of 165454362?
3
What is the ten thousands digit of 5929444?
2
What is the millions digit of 1190613092?
0
What is the thousands digit of 1380259472?
9
What is the ten thousands digit of 65498716?
9
What is the hundred millions digit of 1038446235?
0
What is the ten millions digit of 70988531?
7
What is the tens digit of 741313036?
3
What is the millions digit of 148726059?
8
What is the hundreds digit of 391732544?
5
What is the thousands digit of 708148411?
8
What is the tens digit of 729710735?
3
What is the units digit of 819711574?
4
What is the tens digit of 158395394?
9
What is the ten thousands digit of 90626726?
2
What is the hundred millions digit of 3434854894?
4
What is the ten thousands digit of 153368678?
6
What is the hundred thousands digit of 570082679?
0
What is the hundred thousands digit of 116710544?
7
What is the hundred thousands digit of 8794269?
7
What is the units digit of 11018269?
9
What is the millions digit of 1788263894?
8
What is the units digit of 364121772?
2
What is the millions digit of 54373898?
4
What is the hundreds digit of 216307344?
3
What is the hundred thousands digit of 42411072?
4
What is the thousands digit of 79904405?
4
What is the tens digit of 878507523?
2
What is the millions digit of 210531643?
0
What is the units digit of 61360728?
8
What is the hundred thousands digit of 229991872?
9
What is the millions digit of 437910717?
7
What is the ten millions digit of 2436140272?
3
What is the hundred thousands digit of 17480246?
4
What is the hundred thousands digit of 283368209?
3
What is the tens digit of 783945968?
6
What is the billions digit of 2709265625?
2
What is the ten millions digit of 41562748?
4
What is the tens digit of 106187529?
2
What is the units digit of 26981971?
1
What is the ten thousands digit of 100194301?
9
What is the hundreds digit of 211256428?
4
What is the millions digit of 4200630721?
0
What is the ten millions digit of 689619556?
8
What is the ten millions digit of 4778832761?
7
What is the units digit of 12880098?
8
What is the tens digit of 4480757?
5
What is the ten thousands digit of 159091101?
9
What is the units digit of 36985833?
3
What is the ten thousands digit of 38333814?
3
What is the ten millions digit of 97360777?
9
What is the hundred thousands digit of 92459403?
4
What is the hundreds digit of 361478955?
9
What is the units digit of 2479075596?
6
What is the ten millions digit of 5570871008?
7
What is the thousands digit of 55816503?
6
What is the units digit of 642112236?
6
What is the thousands digit of 382251633?
1
What is the ten millions digit of 60231723?
6
What is the hundred thousands digit of 59861794?
8
What is the ten millions digit of 295317502?
9
What is the hundred millions digit of 3232870956?
2
What is the ten millions digit of 352708216?
5
What is the ten thousands digit of 924800743?
0
What is the ten millions digit of 896711766?
9
What is the thousands digit of 631651718?
1
What is the millions digit of 61327392?
1
What is the ten millions digit of 824412323?
2
What is the ten thousands digit of 15222826?
2
What is the hundred thousands digit of 137814624?
8
What is the billions digit of 2908132371?
2
What is the units digit of 132400384?
4
What is the hundreds digit of 21138346?
3
What is the hundreds digit of 67858693?
6
What is the units digit of 2129709?
9
What is the ten thousands digit of 56373291?
7
What is the ten thousands digit of 503814038?
1
What is the thousands digit of 800000320?
0
What is the hundreds digit of 2114256489?
4
What is the ten thousands digit of 1179829121?
2
What is the hundreds digit of 2635550271?
2
What is the hundred thousands digit of 29642290?
6
What is the hundreds digit of 1701896103?
1
What is the millions digit of 262455198?
2
What is the ten thousands digit of 29358051?
5
What is the hundred thousands digit of 11190629?
1
What is the hundreds digit of 126139817?
8
What is the ten thousands digit of 1980565963?
6
What is the hundred thousands digit of 314381975?
3
What is the hundred millions digit of 1053645981?
0
What is the thousands digit of 780145513?
5
What is the ten thousands digit of 325